124751?
1
What is the thousands digit of 475650?
5
What is the ten thousands digit of 1287845?
8
What is the thousands digit of 141885?
1
What is the millions digit of 6014117?
6
What is the thousands digit of 68858?
8
What is the thousands digit of 164928?
4
What is the millions digit of 17111136?
7
What is the millions digit of 19867000?
9
What is the hundred thousands digit of 227592?
2
What is the millions digit of 2963274?
2
What is the ten thousands digit of 1148278?
4
What is the millions digit of 5249078?
5
What is the millions digit of 33374757?
3
What is the ten thousands digit of 678943?
7
What is the thousands digit of 469120?
9
What is the units digit of 8574137?
7
What is the units digit of 15953?
3
What is the tens digit of 35509?
0
What is the tens digit of 192800?
0
What is the tens digit of 463252?
5
What is the units digit of 4235245?
5
What is the units digit of 2556058?
8
What is the units digit of 245497?
7
What is the hundred thousands digit of 3203361?
2
What is the hundreds digit of 547039?
0
What is the units digit of 7502429?
9
What is the hundreds digit of 17322395?
3
What is the ten thousands digit of 2089313?
8
What is the thousands digit of 1874032?
4
What is the hundred thousands digit of 2749460?
7
What is the hundred thousands digit of 150003?
1
What is the ten thousands digit of 1410877?
1
What is the tens digit of 4808966?
6
What is the hundred thousands digit of 18566990?
5
What is the units digit of 8540543?
3
What is the tens digit of 39559?
5
What is the units digit of 266509?
9
What is the ten thousands digit of 104900?
0
What is the hundreds digit of 2686572?
5
What is the thousands digit of 1615985?
5
What is the hundreds digit of 17503427?
4
What is the ten thousands digit of 100619?
0
What is the ten thousands digit of 20137?
2
What is the thousands digit of 219193?
9
What is the thousands digit of 819437?
9
What is the millions digit of 1588510?
1
What is the tens digit of 417672?
7
What is the units digit of 85858?
8
What is the tens digit of 30621661?
6
What is the tens digit of 171838?
3
What is the units digit of 5445334?
4
What is the units digit of 148209?
9
What is the ten thousands digit of 2473193?
7
What is the millions digit of 26909033?
6
What is the thousands digit of 5815613?
5
What is the ten thousands digit of 163099?
6
What is the tens digit of 396777?
7
What is the hundreds digit of 7249212?
2
What is the thousands digit of 13763?
3
What is the millions digit of 1518429?
1
What is the units digit of 281674?
4
What is the units digit of 377638?
8
What is the hundreds digit of 5617429?
4
What is the hundreds digit of 92428?
4
What is the ten thousands digit of 3726579?
2
What is the tens digit of 73965?
6
What is the ten thousands digit of 137105?
3
What is the ten thousands digit of 5631755?
3
What is the millions digit of 4896595?
4
What is the thousands digit of 94550?
4
What is the hundreds digit of 71851?
8
What is the tens digit of 972457?
5
What is the hundreds digit of 4750554?
5
What is the ten thousands digit of 248340?
4
What is the ten thousands digit of 6549313?
4
What is the hundred thousands digit of 415523?
4
What is the thousands digit of 3288383?
8
What is the units digit of 264244?
4
What is the units digit of 24784?
4
What is the tens digit of 11313354?
5
What is the thousands digit of 28507134?
7
What is the hundreds digit of 1388381?
3
What is the ten thousands digit of 713010?
1
What is the hundred thousands digit of 14569283?
5
What is the ten thousands digit of 99664?
9
What is the thousands digit of 73433?
3
What is the thousands digit of 4867222?
7
What is the tens digit of 724080?
8
What is the hundred thousands digit of 584246?
5
What is the hundreds digit of 49148?
1
What is the ten thousands digit of 2325325?
2
What is the millions digit of 5312527?
5
What is the ten thousands digit of 237619?
3
What is the hundreds digit of 101290?
2
What is the units digit of 87167?
7
What is the units digit of 140755?
5
What is the tens digit of 930304?
0
What is the tens digit of 166950?
5
What is the hundreds digit of 471434?
4
What is the thousands digit of 5162285?
2
What is the hundreds digit of 13461?
4
What is the units digit of 27519844?
4
What is the hundreds digit of 150790?
7
What is the tens digit of 742391?
9
What is the ten thousands digit of 107797?
0
What is the units digit of 30088491?
1
What is the thousands digit of 2053865?
3
What is the millions digit of 17354204?
7
What is the hundreds digit of 1441627?
6
What is the units digit of 133813?
3
What is the thousands digit of 23257345?
7
What is the thousands digit of 700000?
0
What is the tens digit of 14756015?
1
What is the units digit of 128825?
5
What is the hundred thousands digit of 383567?
3
What is the units digit of 71785?
5
What is the ten thousands digit of 294549?
9
What is the thousands digit of 1156792?
6
What is the tens digit of 9780854?
5
What is the hundred thousands digit of 6382696?
3
What is the units digit of 4946487?
7
What is the hundreds digit of 8520212?
2
What is the units digit of 12285337?
7
What is the millions digit of 10879525?
0
What is the thousands digit of 1703297?
3
What is the units digit of 176399?
9
What is the thousands digit of 1299728?
9
What is the thousands digit of 202303?
2
What is the millions digit of 3899187?
3
What is the hundred thousands digit of 602730?
6
What is the tens digit of 17553155?
5
What is the hundred thousands digit of 647683?
6
What is the hundreds digit of 11833407?
4
What is the tens digit of 9625951?
5
What is the hundreds digit of 6272136?
1
What is the ten thousands digit of 11335612?
3
What is the ten thousands digit of 320414?
2
What is the hundreds digit of 676568?
5
What is the units digit of 226288?
8
What is the hundreds digit of 12060476?
4
What is the units digit of 86857?
7
What is the thousands digit of 87601?
7
What is the hundreds digit of 31263?
2
What is the tens digit of 93169?
6
What is the thousands digit of 288294?
8
What is the ten thousands digit of 126261?
2
What is the tens digit of 185878?
7
What is the tens digit of 228238?
3
What is the hundred thousands digit of 1688478?
6
What is the hundreds digit of 201582?
5
What is the ten thousands digit of 5092302?
9
What is the millions digit of 1054039?
1
What is the units digit of 742412?
2
What is the hundred thousands digit of 1168716?
1
What is the ten thousands digit of 350116?
5
What is the thousands digit of 683655?
3
What is the thousands digit of 11746?
1
What is the hundreds digit of 170422?
4
What is the ten thousands digit of 15057915?
5
What is the tens digit of 2210524?
2
What is the millions digit of 15422714?
5
What is the thousands digit of 33749560?
9
What is the tens digit of 36007?
0
What is the thousands digit of 130244?
0
What is the hundred thousands digit of 1431924?
4
What is the hundreds digit of 17319856?
8
What is the tens digit of 462686?
8
What is the hundred thousands digit of 409078?
4
What is the thousands digit of 155395?
5
What is the hundreds digit of 404929?
9
What is the hundred thousands digit of 9091929?
0
What is the units digit of 501077?
7
What is the millions digit of 4164728?
4
What is the hundred thousands digit of 217301?
2
What is the hundreds digit of 16784801?
8
What is the ten thousands digit of 858084?
5
What is the ten thousands digit of 28265516?
6
What is the hundred thousands digit of 2618501?
6
What is the units digit of 928783?
3
What is the tens digit of 3909018?
1
What is the hundred thousands digit of 1210681?
2
What is the ten millions digit of 12736608?
1
What is the tens digit of 1379603?
0
What is the ten thousands digit of 435468?
3
What is the thousands digit of 2525080?
5
What is the hundred thousands digit of 634242?
6
What is the ten thousands digit of 3420962?
2
What is the thousands digit of 196816?
6
What is the thousands digit of 231384?
1
What is the hundreds digit of 63805?
8
What is the tens digit of 221319?
1
What is the hundred thousands digit of 21508486?
5
What is the ten thousands digit of 285722?
8
What is the tens digit of 1026841?
4
What is the units digit of 96899?
9
What is the hundreds digit of 404008?
0
What is the hundred thousands digit of 1661564?
6
What is the th